ase 6.
20
-1 (base 5) to base 2
-1
What is -4 (base 16) in base 14?
-4
What is -11 (base 7) in base 16?
-8
Convert 0 (base 5) to base 16.
0
Convert -12210 (base 3) to base 10.
-156
What is -102 (base 3) in base 4?
-23
What is -100 (base 2) in base 13?
-4
-223 (base 9) to base 10
-183
Convert 3 (base 9) to base 4.
3
What is -56 (base 7) in base 5?
-131
Convert 1a2 (base 14) to base 2.
101010010
What is -6 (base 16) in base 12?
-6
Convert -2 (base 11) to base 9.
-2
Convert 1101010 (base 2) to base 4.
1222
What is -49 (base 15) in base 7?
-126
Convert -32 (base 14) to base 11.
-40
Convert 7 (base 16) to base 8.
7
-6 (base 12) to base 15
-6
-60 (base 7) to base 14
-30
Convert -17 (base 13) to base 12.
-18
What is 2 (base 14) in base 12?
2
What is -16 (base 8) in base 6?
-22
Convert 1223 (base 5) to base 14.
d6
Convert 1011 (base 2) to base 14.
b
43 (base 6) to base 5
102
Convert -120 (base 4) to base 10.
-24
-1c (base 16) to base 6
-44
Convert -10110 (base 2) to base 5.
-42
What is -140 (base 8) in base 6?
-240
Convert 9 (base 13) to base 4.
21
What is -3 (base 14) in base 15?
-3
Convert -9 (base 16) to base 7.
-12
-232 (base 5) to base 13
-52
276 (base 8) to base 15
ca
2 (base 4) to base 12
2
-1000 (base 3) to base 4
-123
What is -22 (base 4) in base 15?
-a
Convert -21 (base 8) to base 11.
-16
Convert -3 (base 9) to base 5.
-3
1 (base 6) to base 4
1
Convert 3 (base 6) to base 13.
3
Convert -3 (base 5) to base 9.
-3
What is -7 (base 11) in base 2?
-111
21 (base 5) to base 12
b
-9 (base 16) to base 2
-1001
59 (base 12) to base 9
76
What is 13 (base 8) in base 6?
15
What is -1101 (base 2) in base 5?
-23
346 (base 9) to base 5
2120
What is -c4 (base 14) in base 13?
-103
Convert 0 (base 3) to base 14.
0
Convert 1 (base 12) to base 16.
1
-31 (base 12) to base 11
-34
101 (base 2) to base 11
5
-1 (base 15) to base 13
-1
36 (base 11) to base 9
43
Convert -412 (base 5) to base 9.
-128
What is -10 (base 3) in base 6?
-3
What is 4 (base 13) in base 8?
4
What is 0 (base 16) in base 8?
0
What is -3 (base 15) in base 6?
-3
What is 0 (base 5) in base 15?
0
16 (base 11) to base 2
10001
3 (base 14) to base 4
3
What is 10000 (base 2) in base 10?
16
-101 (base 2) to base 13
-5
Convert -101 (base 13) to base 15.
-b5
Convert -13 (base 11) to base 15.
-e
What is -33 (base 5) in base 10?
-18
Convert -51 (base 15) to base 2.
-1001100
What is 3044 (base 5) in base 16?
18f
Convert 1002 (base 4) to base 9.
73
Convert 0 (base 14) to base 10.
0
What is -2 (base 8) in base 14?
-2
What is -46 (base 7) in base 11?
-31
-1 (base 9) to base 3
-1
Convert -5 (base 14) to base 11.
-5
What is 41 (base 8) in base 4?
201
What is -25 (base 9) in base 10?
-23
-12 (base 13) to base 15
-10
What is -222 (base 3) in base 11?
-24
What is -12211 (base 3) in base 5?
-1112
What is 67 (base 12) in base 16?
4f
-1403 (base 6) to base 11
-300
2 (base 12) to base 14
2
What is 6 (base 7) in base 2?
110
Convert -2 (base 6) to base 13.
-2
Convert -18 (base 12) to base 8.
-24
What is 19 (base 10) in base 8?
23
What is 1431 (base 5) in base 10?
241
What is 10 (base 12) in base 8?
14
What is 0 (base 3) in base 15?
0
Convert 4 (base 14) to base 12.
4
-20 (base 3) to base 13
-6
33 (base 8) to base 4
123
What is 17 (base 15) in base 10?
22
113 (base 6) to base 7
63
-32 (base 15) to base 3
-1202
Convert -13 (base 10) to base 5.
-23
Convert 235 (base 6) to base 5.
340
Convert -4 (base 9) to base 14.
-4
Convert -d (base 16) to base 6.
-21
155 (base 7) to base 10
89
Convert -e (base 16) to base 7.
-20
What is 11 (base 2) in base 13?
3
-2 (base 4) to base 11
-2
Convert 326 (base 10) to base 7.
644
Convert 5 (base 8) to base 7.
5
What is 2 (base 4) in base 12?
2
What is -1100 (base 2) in base 15?
-c
22 (base 8) to base 3
200
2 (base 6) to base 3
2
Convert -12 (base 15) to base 16.
-11
Convert 17b (base 12) to base 8.
357
Convert 11001 (base 2) to base 9.
27
2 (base 12) to base 4
2
-4 (base 6) to base 9
-4
Convert 66 (base 7) to base 3.
1210
What is 2232 (base 4) in base 13?
105
10 (base 9) to base 2
1001
-17 (base 15) to base 8
-26
4 (base 15) to base 4
10
What is -17 (base 8) in base 14?
-11
Convert 16 (base 9) to base 13.
12
What is -5 (base 11) in base 2?
-101
What is -10 (base 13) in base 12?
-11
1 (base 6) to base 5
1
What is 342 (base 5) in base 6?
241
What is 2 (base 9) in base 6?
2
Convert 11 (base 2) to base 7.
3
4 (base 5) to base 10
4
What is 1100 (base 2) in base 14?
c
Convert -12 (base 10) to base 5.
-22
What is -3 (base 13) in base 15?
-3
Convert 0 (base 4) to base 15.
0
What is 5c (base 15) in base 8?
127
What is 2 (base 10) in base 13?
2
-103 (base 5) to base 11
-26
What is 47 (base 12) in base 8?
67
What is 3 (base 5) in base 4?
3
Convert -57 (base 8) to base 16.
-2f
Convert 5 (base 10) to base 11.
5
What is 2 (base 14) in base 11?
2
101100 (base 2) to base 11
40
-a (base 11) to base 4
-22
Convert -111111 (base 2) to base 11.
-58
Convert 0 (base 3) to base 2.
0
Convert -40 (base 14) to base 11.
-51
1 (base 5) to base 10
1
-11 (base 5) to base 16
-6
-1 (base 8) to base 10
-1
Convert -2 (base 14) to base 8.
-2
122 (base 5) to base 10
37
What is 407 (base 10) in base 7?
1121
-3 (base 7) to base 3
-10
Convert -1 (base 16) to base 5.
-1
Convert -6 (base 13) to base 10.
-6
2 (base 3) to base 10
2
-103 (base 7) to base 2
-110100
11 (base 3) to base 8
4
-27 (base 11) to base 5
-104
Convert 2 (base 10) to base 3.
2
-106 (base 7) to base 6
-131
-82 (base 9) to base 16
-4a
What is 7 (base 15) in base 16?
7
Convert 1 (base 16) to base 7.
1
a0 (base 15) to base 14
aa
Convert -d (base 14) to base 7.
-16
What is -a8 (base 14) in base 13?
-b5
What is -14 (base 8) in base 9?
-13
Convert -5 (base 11) to base 13.
-5
Convert 35 (base 15) to base 13.
3b
0 (base 2) to base 14
0
Convert 74 (base 8) to base 7.
114
What is 3 (base 8) in base 3?
10
4 (base 9) to base 15
4
What is 5 (base 15) in base 10?
5
-22 (base 6) to base 2
-1110
-10 (base 13) to base 5
-23
10 (base 10) to base 15
a
Convert 6 (base 10) to base 14.
6
21 (base 16) to base 14
25
What is 4 (base 13) in base 15?
4
-170 (base 9) to base 16
-90
What is 0 (base 6) in base 4?
0
What is 0 (base 5) in base 11?
0
Convert -4 (base 10) to base 4.
-10
Convert 1 (base 4) to base 3.
1
-9 (base 12) to base 9
-10
What is -23 (base 15) in base 6?
-53
What is 14 (base 7) in base 5?
21
-2 (base 8) to base 7
-2
Convert -5 (base 14) to base 7.
-5
What is -4 (base 11) in base 12?
-4
Convert -542 (base 6) to base 16.
-ce
Convert -9 (base 11) to base 10.
-9
127 (base 9) to base 6
254
What is 125 (base 13) in base 6?
532
What is 3 (base 9) in base 10?
3
What is 1ca (base 13) in base 10?
335
What is 452 (base 9) in base 15?
19b
3 (base 12) to base 11
3
-46 (base 12) to base 4
-312
What is -72 (base 8) in base 15?
-3d
What is 54 (base 11) in base 7?
113
Convert 18b (base 14) to base 8.
477
Convert 0 (base 7) to base 5.
0
What is 16 (base 8) in base 13?
11
What is 13 (base 5) in base 16?
8
-35 (base 7) to base 15
-1b
What is -11 (base 16) in base 4?
-101
115 (base 10) to base 7
223
-8 (base 10) to base 16
-8
16 (base 12) to base 6
30
What is -2 (base 12) in base 5?
-2
-23 (base 5) to base 6
-21
11 (base 2) to base 14
3
What is 1 (base 5) in base 4?
1
What is b (base 14) in base 13?
b
Convert 0 (base 10) to base 2.
0
-a (base 11) to base 6
-14
What is 104 (base 7) in base 11?
49
-e (base 16) to base 5
-24
What is 0 (base 7) in base 14?
0
What is 110 (base 2) in base 10?
6
-9 (base 11) to base 4
-21
Convert 13 (base 6) to base 15.
9
What is 63 (base 11) in base 14?
4d
What is 4 (base 12) in base 4?
10
-3 (base 16) to base 4
-3
What is -3 (base 5) in base 16?
-3
What is 18 (base 10) in base 7?
24
Convert 8 (base 12) to base 3.
22
Convert -30 (base 4) to base 16.
-c
Convert 101 (base 9) to base 4.
1102
Convert -14 (base 5) to base 8.
-11
-1 (base 16) to base 6
-1
What is -25 (base 16) in base 8?
-45
Convert 9 (base 12) to base 14.
9
21 (base 4) to base 13
9
Convert -10 (base 4) to base 8.
-4
-2 (base 7) to base 6
-2
Convert -2 (base 15) to base 16.
-2
c (base 16) to base 11
11
112 (base 10) to base 14
80
Convert -71 (base 10) to base 3.
-2122
-2 (base 5) to base 8
-2
Convert -1 (base 8) to base 11.
-1
What is 18 (base 15) in base 5?
43
Convert -82 (base 14) to base 16.
-72
-1 (base 12